{"id":33,"date":"2025-07-27T22:28:30","date_gmt":"2025-07-27T20:28:30","guid":{"rendered":"https:\/\/blomfeldtterapi.no\/?page_id=33"},"modified":"2025-09-18T12:33:38","modified_gmt":"2025-09-18T10:33:38","slug":"kontakt","status":"publish","type":"page","link":"https:\/\/blomfeldtterapi.no\/?page_id=33","title":{"rendered":"Kontakt"},"content":{"rendered":"\t\t<div data-elementor-type=\"wp-post\" data-elementor-id=\"33\" class=\"elementor elementor-33\">\n\t\t\t\t<div class=\"elementor-element elementor-element-5890ec7 e-flex e-con-boxed e-con e-parent\" data-id=\"5890ec7\" data-element_type=\"container\" data-settings=\"{&quot;background_background&quot;:&quot;classic&quot;}\">\n\t\t\t\t\t<div class=\"e-con-inner\">\n\t\t<div class=\"elementor-element elementor-element-81efc45 e-con-full e-flex e-con e-child\" data-id=\"81efc45\" data-element_type=\"container\">\n\t\t\t\t<div class=\"elementor-element elementor-element-14328fc elementor-widget elementor-widget-heading\" data-id=\"14328fc\" data-element_type=\"widget\" data-widget_type=\"heading.default\">\n\t\t\t\t\t<h2 class=\"elementor-heading-title elementor-size-default\">Jeg h\u00f8rer gjerne fra deg<\/h2>\t\t\t\t<\/div>\n\t\t\t\t<\/div>\n\t\t<div class=\"elementor-element elementor-element-66ceff7 e-con-full e-flex e-con e-child\" data-id=\"66ceff7\" data-element_type=\"container\">\n\t\t\t\t<div class=\"elementor-element elementor-element-a991f4e elementor-widget elementor-widget-text-editor\" data-id=\"a991f4e\" data-element_type=\"widget\" data-widget_type=\"text-editor.default\">\n\t\t\t\t\t\t\t\t\t<p data-start=\"614\" data-end=\"770\">Jeg holder til i hyggelige kontorer i Strandgaten 6 i Bergen sentrum, og m\u00f8ter deg gjerne p\u00e5 ettermiddag-\/kveldstid, eventuelt i helg.<\/p><p data-start=\"614\" data-end=\"770\">\u00d8nsker du \u00e5 bestille time eller er nysgjerrig p\u00e5 om terapi kan v\u00e6re noe for deg?\u00a0<\/p><h6>Du er hjertelig velkommen til \u00e5 sende meg en epost p\u00e5 <a href=\"mailto:blomfeldtterapi@gmail.com\">blomfeldtterapi@gmail.com<\/a>. Jeg svarer deg s\u00e5 snart jeg kan.\u00a0<\/h6>\t\t\t\t\t\t\t\t<\/div>\n\t\t\t\t<\/div>\n\t\t\t\t\t<\/div>\n\t\t\t\t<\/div>\n\t\t\t\t<\/div>\n\t\t","protected":false},"excerpt":{"rendered":"<p>Jeg h\u00f8rer gjerne fra deg Jeg holder til i hyggelige kontorer i Strandgaten 6 i Bergen sentrum, og m\u00f8ter deg gjerne p\u00e5 ettermiddag-\/kveldstid, eventuelt i helg. \u00d8nsker du \u00e5 bestille time eller er nysgjerrig p\u00e5 om terapi kan v\u00e6re noe for deg?\u00a0 Du er hjertelig velkommen til \u00e5 sende meg en epost p\u00e5 blomfeldtterapi@gmail.com. Jeg [&hellip;]<\/p>\n","protected":false},"author":1,"featured_media":0,"parent":0,"menu_order":2,"comment_status":"closed","ping_status":"closed","template":"elementor_theme","meta":{"footnotes":""},"class_list":["post-33","page","type-page","status-publish","hentry"],"yoast_head":"<!-- This site is optimized with the Yoast SEO plugin v25.5 - https:\/\/yoast.com\/wordpress\/plugins\/seo\/ -->\n<title>Kontakt - Blomfeldt terapi<\/title>\n<meta name=\"robots\" content=\"index, follow, max-snippet:-1, max-image-preview:large, max-video-preview:-1\" \/>\n<link rel=\"canonical\" href=\"https:\/\/blomfeldtterapi.no\/?page_id=33\" \/>\n<meta property=\"og:locale\" content=\"nb_NO\" \/>\n<meta property=\"og:type\" content=\"article\" \/>\n<meta property=\"og:title\" content=\"Kontakt - Blomfeldt terapi\" \/>\n<meta property=\"og:description\" content=\"Jeg h\u00f8rer gjerne fra deg Jeg holder til i hyggelige kontorer i Strandgaten 6 i Bergen sentrum, og m\u00f8ter deg gjerne p\u00e5 ettermiddag-\/kveldstid, eventuelt i helg. \u00d8nsker du \u00e5 bestille time eller er nysgjerrig p\u00e5 om terapi kan v\u00e6re noe for deg?\u00a0 Du er hjertelig velkommen til \u00e5 sende meg en epost p\u00e5 blomfeldtterapi@gmail.com. Jeg [&hellip;]\" \/>\n<meta property=\"og:url\" content=\"https:\/\/blomfeldtterapi.no\/?page_id=33\" \/>\n<meta property=\"og:site_name\" content=\"Blomfeldt terapi\" \/>\n<meta property=\"article:modified_time\" content=\"2025-09-18T10:33:38+00:00\" \/>\n<meta name=\"twitter:card\" content=\"summary_large_image\" \/>\n<meta name=\"twitter:label1\" content=\"Ansl. lesetid\" \/>\n\t<meta name=\"twitter:data1\" content=\"1 minutt\" \/>\n<script type=\"application\/ld+json\" class=\"yoast-schema-graph\">{\"@context\":\"https:\/\/schema.org\",\"@graph\":[{\"@type\":\"WebPage\",\"@id\":\"https:\/\/blomfeldtterapi.no\/?page_id=33\",\"url\":\"https:\/\/blomfeldtterapi.no\/?page_id=33\",\"name\":\"Kontakt - Blomfeldt terapi\",\"isPartOf\":{\"@id\":\"https:\/\/blomfeldtterapi.no\/#website\"},\"datePublished\":\"2025-07-27T20:28:30+00:00\",\"dateModified\":\"2025-09-18T10:33:38+00:00\",\"breadcrumb\":{\"@id\":\"https:\/\/blomfeldtterapi.no\/?page_id=33#breadcrumb\"},\"inLanguage\":\"nb-NO\",\"potentialAction\":[{\"@type\":\"ReadAction\",\"target\":[\"https:\/\/blomfeldtterapi.no\/?page_id=33\"]}]},{\"@type\":\"BreadcrumbList\",\"@id\":\"https:\/\/blomfeldtterapi.no\/?page_id=33#breadcrumb\",\"itemListElement\":[{\"@type\":\"ListItem\",\"position\":1,\"name\":\"Hjem\",\"item\":\"https:\/\/blomfeldtterapi.no\/\"},{\"@type\":\"ListItem\",\"position\":2,\"name\":\"Kontakt\"}]},{\"@type\":\"WebSite\",\"@id\":\"https:\/\/blomfeldtterapi.no\/#website\",\"url\":\"https:\/\/blomfeldtterapi.no\/\",\"name\":\"Blomfeldt terapi\",\"description\":\"\",\"publisher\":{\"@id\":\"https:\/\/blomfeldtterapi.no\/#organization\"},\"potentialAction\":[{\"@type\":\"SearchAction\",\"target\":{\"@type\":\"EntryPoint\",\"urlTemplate\":\"https:\/\/blomfeldtterapi.no\/?s={search_term_string}\"},\"query-input\":{\"@type\":\"PropertyValueSpecification\",\"valueRequired\":true,\"valueName\":\"search_term_string\"}}],\"inLanguage\":\"nb-NO\"},{\"@type\":\"Organization\",\"@id\":\"https:\/\/blomfeldtterapi.no\/#organization\",\"name\":\"Blomfeldt terapi\",\"url\":\"https:\/\/blomfeldtterapi.no\/\",\"logo\":{\"@type\":\"ImageObject\",\"inLanguage\":\"nb-NO\",\"@id\":\"https:\/\/blomfeldtterapi.no\/#\/schema\/logo\/image\/\",\"url\":\"https:\/\/blomfeldtterapi.no\/wp-content\/uploads\/2025\/07\/Logo-B-delt-2-e1753705034958.png\",\"contentUrl\":\"https:\/\/blomfeldtterapi.no\/wp-content\/uploads\/2025\/07\/Logo-B-delt-2-e1753705034958.png\",\"width\":500,\"height\":192,\"caption\":\"Blomfeldt terapi\"},\"image\":{\"@id\":\"https:\/\/blomfeldtterapi.no\/#\/schema\/logo\/image\/\"}}]}<\/script>\n<!-- \/ Yoast SEO plugin. -->","yoast_head_json":{"title":"Kontakt - Blomfeldt terapi","robots":{"index":"index","follow":"follow","max-snippet":"max-snippet:-1","max-image-preview":"max-image-preview:large","max-video-preview":"max-video-preview:-1"},"canonical":"https:\/\/blomfeldtterapi.no\/?page_id=33","og_locale":"nb_NO","og_type":"article","og_title":"Kontakt - Blomfeldt terapi","og_description":"Jeg h\u00f8rer gjerne fra deg Jeg holder til i hyggelige kontorer i Strandgaten 6 i Bergen sentrum, og m\u00f8ter deg gjerne p\u00e5 ettermiddag-\/kveldstid, eventuelt i helg. \u00d8nsker du \u00e5 bestille time eller er nysgjerrig p\u00e5 om terapi kan v\u00e6re noe for deg?\u00a0 Du er hjertelig velkommen til \u00e5 sende meg en epost p\u00e5 blomfeldtterapi@gmail.com. Jeg [&hellip;]","og_url":"https:\/\/blomfeldtterapi.no\/?page_id=33","og_site_name":"Blomfeldt terapi","article_modified_time":"2025-09-18T10:33:38+00:00","twitter_card":"summary_large_image","twitter_misc":{"Ansl. lesetid":"1 minutt"},"schema":{"@context":"https:\/\/schema.org","@graph":[{"@type":"WebPage","@id":"https:\/\/blomfeldtterapi.no\/?page_id=33","url":"https:\/\/blomfeldtterapi.no\/?page_id=33","name":"Kontakt - Blomfeldt terapi","isPartOf":{"@id":"https:\/\/blomfeldtterapi.no\/#website"},"datePublished":"2025-07-27T20:28:30+00:00","dateModified":"2025-09-18T10:33:38+00:00","breadcrumb":{"@id":"https:\/\/blomfeldtterapi.no\/?page_id=33#breadcrumb"},"inLanguage":"nb-NO","potentialAction":[{"@type":"ReadAction","target":["https:\/\/blomfeldtterapi.no\/?page_id=33"]}]},{"@type":"BreadcrumbList","@id":"https:\/\/blomfeldtterapi.no\/?page_id=33#breadcrumb","itemListElement":[{"@type":"ListItem","position":1,"name":"Hjem","item":"https:\/\/blomfeldtterapi.no\/"},{"@type":"ListItem","position":2,"name":"Kontakt"}]},{"@type":"WebSite","@id":"https:\/\/blomfeldtterapi.no\/#website","url":"https:\/\/blomfeldtterapi.no\/","name":"Blomfeldt terapi","description":"","publisher":{"@id":"https:\/\/blomfeldtterapi.no\/#organization"},"potentialAction":[{"@type":"SearchAction","target":{"@type":"EntryPoint","urlTemplate":"https:\/\/blomfeldtterapi.no\/?s={search_term_string}"},"query-input":{"@type":"PropertyValueSpecification","valueRequired":true,"valueName":"search_term_string"}}],"inLanguage":"nb-NO"},{"@type":"Organization","@id":"https:\/\/blomfeldtterapi.no\/#organization","name":"Blomfeldt terapi","url":"https:\/\/blomfeldtterapi.no\/","logo":{"@type":"ImageObject","inLanguage":"nb-NO","@id":"https:\/\/blomfeldtterapi.no\/#\/schema\/logo\/image\/","url":"https:\/\/blomfeldtterapi.no\/wp-content\/uploads\/2025\/07\/Logo-B-delt-2-e1753705034958.png","contentUrl":"https:\/\/blomfeldtterapi.no\/wp-content\/uploads\/2025\/07\/Logo-B-delt-2-e1753705034958.png","width":500,"height":192,"caption":"Blomfeldt terapi"},"image":{"@id":"https:\/\/blomfeldtterapi.no\/#\/schema\/logo\/image\/"}}]}},"_links":{"self":[{"href":"https:\/\/blomfeldtterapi.no\/index.php?rest_route=\/wp\/v2\/pages\/33","targetHints":{"allow":["GET"]}}],"collection":[{"href":"https:\/\/blomfeldtterapi.no\/index.php?rest_route=\/wp\/v2\/pages"}],"about":[{"href":"https:\/\/blomfeldtterapi.no\/index.php?rest_route=\/wp\/v2\/types\/page"}],"author":[{"embeddable":true,"href":"https:\/\/blomfeldtterapi.no\/index.php?rest_route=\/wp\/v2\/users\/1"}],"replies":[{"embeddable":true,"href":"https:\/\/blomfeldtterapi.no\/index.php?rest_route=%2Fwp%2Fv2%2Fcomments&post=33"}],"version-history":[{"count":41,"href":"https:\/\/blomfeldtterapi.no\/index.php?rest_route=\/wp\/v2\/pages\/33\/revisions"}],"predecessor-version":[{"id":255,"href":"https:\/\/blomfeldtterapi.no\/index.php?rest_route=\/wp\/v2\/pages\/33\/revisions\/255"}],"wp:attachment":[{"href":"https:\/\/blomfeldtterapi.no\/index.php?rest_route=%2Fwp%2Fv2%2Fmedia&parent=33"}],"curies":[{"name":"wp","href":"https:\/\/api.w.org\/{rel}","templated":true}]}}